{"id":141,"date":"2017-08-20T16:14:49","date_gmt":"2017-08-20T14:14:49","guid":{"rendered":"http:\/\/laufhund.at\/Wordpress\/?page_id=141"},"modified":"2026-02-03T18:39:19","modified_gmt":"2026-02-03T17:39:19","slug":"willkommen","status":"publish","type":"page","link":"https:\/\/laufhund.at\/Wordpress\/","title":{"rendered":"HERZLICH WILLKOMMEN"},"content":{"rendered":"\n<p><\/p>\n\n\n\n<hr class=\"wp-block-separator has-css-opacity\"\/>\n\n\n\n<p>&#8230;auf unserer Webseite, wo wir unsere Hunderassen und unseren Klub f\u00fcrSchweizer Laufhunde&nbsp;vorstellen m\u00f6chten.&nbsp; Gerne stehen wir Ihnen bei allen Ihren Fragen, wie z.B.&nbsp;beim Welpenkauf&nbsp;mit Rat und&nbsp;Tat&nbsp;zur Seite. <\/p>\n\n\n<div class=\"wp-block-image\">\n<figure class=\"aligncenter\"><img decoding=\"async\" loading=\"lazy\" width=\"300\" height=\"288\" src=\"http:\/\/laufhund.at\/Wordpress\/wp-content\/uploads\/2018\/10\/41990639_860285034174318_6270274011570110464_n-1-300x288.jpg\" alt=\"\" class=\"wp-image-548\" srcset=\"https:\/\/laufhund.at\/Wordpress\/wp-content\/uploads\/2018\/10\/41990639_860285034174318_6270274011570110464_n-1-300x288.jpg 300w, https:\/\/laufhund.at\/Wordpress\/wp-content\/uploads\/2018\/10\/41990639_860285034174318_6270274011570110464_n-1-768x737.jpg 768w, https:\/\/laufhund.at\/Wordpress\/wp-content\/uploads\/2018\/10\/41990639_860285034174318_6270274011570110464_n-1.jpg 960w\" sizes=\"(max-width: 300px) 100vw, 300px\" \/><figcaption class=\"wp-element-caption\">Foto: Sabine A. Wais<\/figcaption><\/figure><\/div>\n\n\n<h2 class=\"wp-block-heading has-text-align-center\"><strong>NEUIGKEITEN <\/strong>\/ <strong>NEWS<\/strong><\/h2>\n\n\n\n<h1 class=\"wp-block-heading has-text-align-center\" id=\"cc-m-header-14647736827\" style=\"font-style:normal;font-weight:700\">***  Clubschau 2026  ***<\/h1>\n\n\n\n<figure class=\"wp-block-image size-large\"><img decoding=\"async\" loading=\"lazy\" width=\"1024\" height=\"1024\" src=\"https:\/\/laufhund.at\/Wordpress\/wp-content\/uploads\/2026\/02\/image-1024x1024.png\" alt=\"\" class=\"wp-image-1050\" srcset=\"https:\/\/laufhund.at\/Wordpress\/wp-content\/uploads\/2026\/02\/image-1024x1024.png 1024w, https:\/\/laufhund.at\/Wordpress\/wp-content\/uploads\/2026\/02\/image-300x300.png 300w, https:\/\/laufhund.at\/Wordpress\/wp-content\/uploads\/2026\/02\/image-150x150.png 150w, https:\/\/laufhund.at\/Wordpress\/wp-content\/uploads\/2026\/02\/image-768x768.png 768w, https:\/\/laufhund.at\/Wordpress\/wp-content\/uploads\/2026\/02\/image-100x100.png 100w, https:\/\/laufhund.at\/Wordpress\/wp-content\/uploads\/2026\/02\/image.png 1080w\" sizes=\"(max-width: 767px) 89vw, (max-width: 1000px) 54vw, (max-width: 1071px) 543px, 580px\" \/><\/figure>\n\n\n\n<h3 class=\"wp-block-heading has-text-align-center has-medium-font-size\" id=\"cc-m-header-14647737227\" style=\"font-style:normal;font-weight:600\">Gemeinschaftsclubschau  \u00d6sterreichischer Basset- und Laufhunde Club und Klub f\u00fcr Schweizer Laufhunde<\/h3>\n\n\n\n<p class=\"has-text-align-center has-vivid-red-color has-text-color has-link-color wp-elements-cb9359d45e70befe199442fef4dd26bc\"><strong>Aussteller Informationen \/ Exhibitors information<\/strong><\/p>\n\n\n\n<p class=\"has-text-align-center\">Die Gemeinschaftsclubschau des&nbsp;<strong>&#8222;\u00d6sterreichischen Basset- und Laufhunde Clubs&#8220;<\/strong>&nbsp;&amp;&nbsp;des &#8222;<strong>Klubs f\u00fcr Schweizer Laufhunde&#8220;<\/strong><\/p>\n\n\n\n<p class=\"has-text-align-center\">findet am&nbsp;<strong>30.&nbsp;Mai 2026 beim Gasthaus Kriehm\u00fchle<\/strong> in A-4224 Wartberg \/ Aist in Ober\u00f6sterreich statt.&nbsp;<\/p>\n\n\n\n<p class=\"has-text-align-center\">Als Richter d\u00fcrfen wir&nbsp;Herrn Emil Isenring aus der Schweiz&nbsp;begr\u00fc\u00dfen.&nbsp;&nbsp;<\/p>\n\n\n\n<p class=\"has-text-align-center has-vivid-red-color has-text-color has-link-color wp-elements-92909c5bb6b844406eb458ac5a307f80\"><strong>Meldeschluss \/ entry deadline:&nbsp;30. April 2026&nbsp;<\/strong><\/p>\n\n\n\n<p class=\"has-text-align-center has-vivid-red-color has-text-color has-link-color wp-elements-9345d853fefc2c814efef01d52d155cb\"><strong>Anreise \/&nbsp;Directions<\/strong><\/p>\n\n\n\n<p><a href=\"https:\/\/maps.app.goo.gl\/x6jmBFBhsi7eMxeY7\">https:\/\/maps.app.goo.gl\/x6jmBFBhsi7eMxeY7<\/a><\/p>\n\n\n\n<p class=\"has-text-align-center has-vivid-red-color has-text-color has-link-color wp-elements-4dc54aa6c157da74b1284409ec16e7d7\"><strong>Ablauf 30. Mai 2026 \/ Time schedule<\/strong><\/p>\n\n\n\n<p>8:00&nbsp;&nbsp;Einlass der Hunde \/&nbsp;intaking dogs<\/p>\n\n\n\n<p>ab 10:00&nbsp; Begr\u00fc\u00dfung durch die Jagdhornbl\u00e4ser &#8211; Beginn des Richtens \/&nbsp;Welcome by horn players &#8211; beginning of judging&nbsp;<\/p>\n\n\n\n<p>~ 13:00 Gemeinsames Essen \/ joint lunch<\/p>\n\n\n\n<p>~ 15:00 Ehrenring \u2013 Wahl der sch\u00f6nsten Hunde \/&nbsp;main ring<\/p>\n\n\n\n<p><strong>Titel \/ Titles<\/strong><\/p>\n\n\n\n<ul>\n<li>Bestes Baby \/ Best Baby <\/li>\n\n\n\n<li>Babyclubsieger 2026*&nbsp; \/ Baby Club Winner 2026*<\/li>\n\n\n\n<li>Bester J\u00fcngste \/ Best Puppy<\/li>\n\n\n\n<li>J\u00fcngstenclubsieger 2026*&nbsp;\/ Puppy Club Winner 2026*<\/li>\n\n\n\n<li>Jugendbester \/ Best Junior<\/li>\n\n\n\n<li>Jugendclubsieger 2026* \/ Junior Club Winner 2026*<\/li>\n<\/ul>\n\n\n\n<p>CACA \/ Res. CACA<\/p>\n\n\n\n<ul>\n<li>V1 in der Veteranenklasse \/V1 in the Veteran Class<\/li>\n\n\n\n<li>Veteranenclubsieger 2026* \/ Veteran Club Winner 2026*<\/li>\n\n\n\n<li>Beste(r) CACA-R\u00fcde \/ CACA-H\u00fcndin  \/ Best  CACA-Dog \/ CACA-Bitch<\/li>\n\n\n\n<li>Clubsieger 2026*&nbsp; &nbsp; &nbsp;\/ Club Winner 2026*<\/li>\n\n\n\n<li>Beste(r) R\u00fcde \/ H\u00fcndin \/ Best Dog \/ Best Bitch<\/li>\n<\/ul>\n\n\n\n<p><\/p>\n\n\n\n<ul>\n<li>Best of Breed &amp; Best of Opposite<\/li>\n\n\n\n<li>Beste Paarklasse \/ Best Brace<\/li>\n\n\n\n<li>Beste Zuchtgruppe \/ Best Breeding Group&nbsp;<\/li>\n<\/ul>\n\n\n\n<p><strong>*falls Mitglied im<\/strong> <strong>\u00d6BaLC or KSL \/ if \u00d6BaLC or KSL club member&nbsp;<\/strong><\/p>\n\n\n\n<p class=\"has-text-align-center has-vivid-red-color has-text-color has-link-color wp-elements-a364cf42661fc54dbd2e8f3e1f14bfd8\"><strong><br>Meldegeb\u00fchren \/ Entry Fees<\/strong><\/p>\n\n\n\n<p><a href=\"https:\/\/www.bassetclub.at\/clubschau-%C3%B6balc-ksl-2026\/onlinemeldung-online-entry\/\">https:\/\/www.bassetclub.at\/clubschau-%C3%B6balc-ksl-2026\/onlinemeldung-online-entry\/<\/a><\/p>\n\n\n\n<p class=\"has-text-align-center has-vivid-red-color has-text-color has-link-color wp-elements-72eea99cdb5fcc245a28190d06b6171b\"><strong>Mittagessen &amp; Getr\u00e4nke \/&nbsp;Lunch &amp; Drinks&nbsp;<\/strong><\/p>\n\n\n\n<p>Informationen folgen demn\u00e4chst \/ Information will follow soon<\/p>\n\n\n\n<hr class=\"wp-block-separator has-alpha-channel-opacity\"\/>\n\n\n\n<p class=\"has-text-align-center has-vivid-red-color has-text-color has-link-color wp-elements-fd009e7d327a63974f1558dac7f3740e\"><strong>Unterkunft \/ Accommodation<\/strong><\/p>\n\n\n\n<p>Wir freuen uns, euch mitteilen zu k\u00f6nnen, dass wir ein Kontingent von 15 Zimmern im LANDHOTEL SCHEIBEN f\u00fcr euch reserviert haben. Damit ihr euren Aufenthalt optimal planen k\u00f6nnt, bitten wir euch jedoch darum, eure Zimmer selbst zu buchen.<\/p>\n\n\n\n<p>We are pleased to announce that we have reserved a contingent of&nbsp;15 rooms in the LANDHOTEL SCHEIBEN&nbsp;for you. However, so that you can plan your stay optimally, we ask you to book your rooms yourself.&nbsp;<\/p>\n\n\n\n<p>Die Kontaktdaten f\u00fcr Buchungen findet ihr hier \/ Here you can find the contact details for your booking:<\/p>\n\n\n\n<p><strong>LANDHOTEL SCHEIBEN<\/strong><\/p>\n\n\n\n<p><a href=\"https:\/\/landhotel-scheiben.at\/\" data-type=\"link\" data-id=\"https:\/\/landhotel-scheiben.at\/\">https:\/\/landhotel-scheiben.at\/<\/a><\/p>\n\n\n\n<p>Scheiben 3, 4224 Wartberg ob der Aist<\/p>\n\n\n\n<p>Telefon:&nbsp;<a href=\"tel:00436645324017\"><\/a>+43 (0) 6645324017<a href=\"tel:00436645324017\"><\/a><\/p>\n\n\n\n<p>E-Mail:&nbsp;<a href=\"mailto:info@landhotel-scheiben.at\"><\/a><a href=\"mailto:info@landhotel-scheiben.at\">info@landhotel-scheiben.at<\/a><\/p>\n\n\n\n<p><strong>Als Hauptsponsor unserer Clubschau freuen wir uns sehr \u00fcber die Unterst\u00fctzung von\u00a0PURINA PRO PLAN, die uns mit hochwertigem Futter versorgen.<\/strong><\/p>\n\n\n\n<figure class=\"wp-block-image size-large is-resized\"><img decoding=\"async\" loading=\"lazy\" width=\"1024\" height=\"582\" src=\"https:\/\/laufhund.at\/Wordpress\/wp-content\/uploads\/2026\/02\/image-1-1024x582.png\" alt=\"\" class=\"wp-image-1053\" style=\"width:440px;height:auto\" srcset=\"https:\/\/laufhund.at\/Wordpress\/wp-content\/uploads\/2026\/02\/image-1-1024x582.png 1024w, https:\/\/laufhund.at\/Wordpress\/wp-content\/uploads\/2026\/02\/image-1-300x170.png 300w, https:\/\/laufhund.at\/Wordpress\/wp-content\/uploads\/2026\/02\/image-1-768x436.png 768w, https:\/\/laufhund.at\/Wordpress\/wp-content\/uploads\/2026\/02\/image-1.png 1280w\" sizes=\"(max-width: 767px) 89vw, (max-width: 1000px) 54vw, (max-width: 1071px) 543px, 580px\" \/><\/figure>\n\n\n\n<h2 class=\"wp-block-heading has-text-align-center has-black-color has-text-color has-link-color wp-elements-9e30116607a0cc5e54ce4da725597e81\" style=\"font-style:normal;font-weight:600\">*** Schweizer Laufhunde Kalender 2026 *** <\/h2>\n\n\n\n<p>Es wurde aufgrund des sch\u00f6nen Erfolgs im Jahr 2025 wieder ein <strong>\u201eSchweizer Laufhunde\u201c-Kalender f\u00fcr 2026 <\/strong>produziert, fotografiert von unserem Mitglied Sabine Wais, die auch gewerbliche Fotografin ist.&nbsp; Der Kalender ist diesmal bei sehr sch\u00f6nem Wetter in den tschechischen Schl\u00f6ssern Hluboka und Tabor entstanden.&nbsp; Es sind alle 4 Farbschl\u00e4ge vertreten, Hunde aus Tschechien, der Schweiz und \u00d6sterreich waren die Fotomodelle !<\/p>\n\n\n\n<p>Bestellungen k\u00f6nnen gerne noch entweder direkt bei Sabine oder \u00fcber den KSL vorgenommen werden ! (Kosten pro Kalender EUR  25,&#8211;)<\/p>\n\n\n\n<figure class=\"wp-block-image size-full\"><img decoding=\"async\" loading=\"lazy\" width=\"650\" height=\"882\" src=\"https:\/\/laufhund.at\/Wordpress\/wp-content\/uploads\/2025\/12\/Kalender-1.jpg\" alt=\"\" class=\"wp-image-1019\" srcset=\"https:\/\/laufhund.at\/Wordpress\/wp-content\/uploads\/2025\/12\/Kalender-1.jpg 650w, https:\/\/laufhund.at\/Wordpress\/wp-content\/uploads\/2025\/12\/Kalender-1-221x300.jpg 221w\" sizes=\"(max-width: 650px) 100vw, 650px\" \/><\/figure>\n\n\n\n<p class=\"has-text-align-center\">&lt;&lt;&lt;&lt;&lt;&lt;&gt;&gt;&gt;&gt;&gt;&gt;<\/p>\n\n\n\n<h2 class=\"wp-block-heading\"><\/h2>\n\n\n\n<p class=\"has-medium-font-size\"><strong>Ein lesenswerter Artikel \u00fcber unsere Schweizer Laufhunde in der Zeitschrift &#8222;Wild und Hund&#8220;<\/strong><\/p>\n\n\n\n<p class=\"has-text-align-center\"><a href=\"https:\/\/laufhund.at\/Wordpress\/wp-content\/uploads\/2022\/01\/Wild-und-Hund.pdf\" data-type=\"URL\" data-id=\"https:\/\/laufhund.at\/Wordpress\/wp-content\/uploads\/2022\/01\/Wild-und-Hund.pdf\">Schweizer Laufhunde &#8222;Wild und Hund&#8220; <\/a><\/p>\n\n\n\n<p><\/p>\n\n\n\n<p><\/p>\n\n\n\n<p class=\"has-text-align-center\">&lt;&lt;&lt;&lt;&lt;&lt;&gt;&gt;&gt;&gt;&gt;&gt;<\/p>\n\n\n\n<h1 class=\"wp-block-heading has-medium-font-size\" id=\"ausstellungs-informationen\" style=\"font-style:normal;font-weight:700\">Aktuelle Ausstellungs-Informationen von der \u00d6KV Homepage : <\/h1>\n\n\n\n<h1 class=\"wp-block-heading has-small-font-size\" id=\"ausstellungs-informationen\"><a href=\"https:\/\/www.oekv.at\/media\/upload\/editor\/files\/%C3%96KV\/Ausstellungen\/%C3%96sterreichische%20Ausstellungen%202025%20mod(3).pdf\">https:\/\/www.oekv.at\/media\/upload\/editor\/files\/%C3%96KV\/Ausstellungen\/%C3%96sterreichische%20Ausstellungen%202025%20mod(3).pdf<\/a><\/h1>\n\n\n\n<p><\/p>\n\n\n\n<p><\/p>\n","protected":false},"excerpt":{"rendered":"<p>&#8230;auf unserer Webseite, wo wir unsere Hunderassen und unseren Klub f\u00fcrSchweizer Laufhunde&nbsp;vorstellen m\u00f6chten.&nbsp; Gerne stehen wir Ihnen bei allen Ihren Fragen, wie z.B.&nbsp;beim Welpenkauf&nbsp;mit Rat und&nbsp;Tat&nbsp;zur Seite. NEUIGKEITEN \/ NEWS *** Clubschau 2026 *** Gemeinschaftsclubschau \u00d6sterreichischer Basset- und Laufhunde Club und Klub f\u00fcr Schweizer Laufhunde Aussteller Informationen \/ Exhibitors information Die Gemeinschaftsclubschau des&nbsp;&#8222;\u00d6sterreichischen Basset- und &hellip; <\/p>\n<p class=\"link-more\"><a href=\"https:\/\/laufhund.at\/Wordpress\/\" class=\"more-link\"><span class=\"screen-reader-text\">\u201eHERZLICH WILLKOMMEN\u201c<\/span> weiterlesen<\/a><\/p>\n","protected":false},"author":1,"featured_media":0,"parent":0,"menu_order":0,"comment_status":"closed","ping_status":"closed","template":"","meta":{"footnotes":""},"_links":{"self":[{"href":"https:\/\/laufhund.at\/Wordpress\/wp-json\/wp\/v2\/pages\/141"}],"collection":[{"href":"https:\/\/laufhund.at\/Wordpress\/wp-json\/wp\/v2\/pages"}],"about":[{"href":"https:\/\/laufhund.at\/Wordpress\/wp-json\/wp\/v2\/types\/page"}],"author":[{"embeddable":true,"href":"https:\/\/laufhund.at\/Wordpress\/wp-json\/wp\/v2\/users\/1"}],"replies":[{"embeddable":true,"href":"https:\/\/laufhund.at\/Wordpress\/wp-json\/wp\/v2\/comments?post=141"}],"version-history":[{"count":83,"href":"https:\/\/laufhund.at\/Wordpress\/wp-json\/wp\/v2\/pages\/141\/revisions"}],"predecessor-version":[{"id":1056,"href":"https:\/\/laufhund.at\/Wordpress\/wp-json\/wp\/v2\/pages\/141\/revisions\/1056"}],"wp:attachment":[{"href":"https:\/\/laufhund.at\/Wordpress\/wp-json\/wp\/v2\/media?parent=141"}],"curies":[{"name":"wp","href":"https:\/\/api.w.org\/{rel}","templated":true}]}}